- 14*n**2 + n - 5. Let x be (-2*(0 - -3))/((-10)/5). Suppose 3*i + 45 = -x. Is a(i) a composite number?
False
Let b(q) = -4*q**3 + 5*q**2 + 10*q - 22. Suppose -f = -n - 9, -n + 2*f = -3*n - 18. Is b(n) prime?
True
Let v(k) = 14*k**3 - 2*k**2 + 5*k - 6. Let y = -110 + 113. Let t be v(y). Let z = t - -152. Is z prime?
True
Let u = -1226 + 10370. Suppose -5*n - 4*t = -1753 - u, -n + 2185 = -2*t. Is n a prime number?
False
Suppose 45 = -64*g + 65*g. Let t = -10 - -30. Is (-1495)/(-3) - 3*t/g a composite number?
True
Let h be (-5856)/(0 - 18/24). Suppose -5*s - h = -2*q + 4893, -4*q = -s - 25411. Is q a prime number?
True
Let f = 1586 - -887. Is f a prime number?
True
Let u be 8/(-3)*-6 + 2. Suppose -8*f + u = -14. Suppose -f*r + 1831 = 3*c, 3*r - 2004 + 636 = 3*c. Is r a composite number?
False
Suppose 5*g = 5*x + 20, 0*x = g + x - 2. Suppose -2*b + 5*h = g + 19, 4*h - 47 = 3*b. Is 301 + (b/(-14))/((-6)/8) prime?
False
Suppose -23*l - 120 = -38*l. Is 329823/135 + l/(-60) composite?
True
Let f(v) be the first derivative of 16*v**3/3 + 8*v**2 + 107*v - 43. Is f(-7) a prime number?
False
Let b = -543 - -43. Let j = b + 1845. Is j a prime number?
False
Let p = -297 - -301. Suppose -l = p*x - 5466, 0 = l - 0*l + 2*x - 5474. Is l a composite number?
True
Let s = -16465 + 37112. Suppose -7*l = -s - 56171. Suppose -3*u + f + 9461 = 1234, -l = -4*u - f. Is u a composite number?
True
Let p(g) be the first derivative of -41*g**4/4 - 2*g**3/3 + 51*g**2/2 - 13*g + 20. Is p(-10) composite?
False
Let q(t) = t**3 + 25*t**2 - 24*t - 73. Let y be q(-21). Suppose y + 3428 = h. Is h a composite number?
False
Suppose -b + 31600 = 3*j - 0*j, -j = -b + 31584. Suppose -4*r + 2*k + b = 0, 2*k = -8*r + 5*r + 23691. Is r a composite number?
True
Let g be (-2)/15 - (506/30 - 4). Let w(r) = r**3 + 14*r**2 - 9*r - 29. Is w(g) prime?
True
Is 2/(-7) + 2 + -2 + 3380671/49 a composite number?
False
Suppose 3*d - 5*y - 76302 = 0, 7*d - 76308 = 4*d + 3*y. Is d composite?
False
Let n(r) = -r**3 + 5*r**2 - 4*r. Suppose 0 = -4*w - 11 + 27. Let b be n(w). Suppose b*z + 6*z = 4002. Is z prime?
False
Let s(n) = -9*n**3 - 3*n**2 - 5*n + 22. Let l be s(-12). Let p = -5174 + l. Suppose 0 = -7*j + 2537 + p. Is j composite?
True
Let y(u) = 6*u + 44. Let q(t) = -2*t - 15. Let o(w) = 8*q(w) + 3*y(w). Let r be o(-7). Is (r/(-4))/(-4*1/(-1896)) a prime number?
False
Suppose 2*k + 14142 = 3*i, 6041 = -3*i + 4*k + 20189. Suppose 7*s - 6215 - i = 0. Is s a prime number?
False
Let t(m) = -90*m**3 - 21*m**2 - 18*m - 53. Is t(-8) composite?
True
Let l(h) = -11*h**2 - 2 - 17 - 2*h**3 - 2*h**3 + 3*h**3 - 2*h. Let j be l(-11). Is 5*81 + 3 + (-3)/j prime?
False
Suppose 3*c - 4882 = p, -2*c - p + 1630 = -c. Suppose -5*u = 25, 3*r - 2*u = -u + c. Is r a composite number?
False
Suppose 291*z - 295*z = -16. Suppose z*v - 53423 = -4*k + 26353, -3*k + v = -59852. Is k a prime number?
True
Let j = -3349 - -12292. Suppose -5*d = -8*d + j. Is d prime?
False
Let i(p) = 122*p - 1949. Is i(65) composite?
False
Let d be (-5)/(-2) - 1/2. Suppose g = 3*l - 1998, d*g + 1337 = 2*l + 3*g. Is l a composite number?
True
Let f be 0 + -1 + 1 - 58/29. Let p(i) = 2*i**3 + 2*i**2. Let s be p(f). Is (12/s + -4)*-38 composite?
True
Let d(n) = 11708*n**2 - 5*n - 8. Let y be d(-2). Is 76/418 - y/(-22) a prime number?
True
Suppose 5 = -m, -54729 = -7*d + 6*d + 4*m. Is d prime?
True
Let x = 246827 + -9570. Is x prime?
True
Suppose -2*d = -3*b - 32670, 65320 = -2*d + 6*d - b. Is d/7 - 20/(-70) prime?
True
Let y(i) = 945*i + 146. Let v be y(19). Suppose 0 = 11*h - v - 15372. Is h a prime number?
False
Suppose -4*y + 474955 = -2*o - 342225, -4*y + 4*o + 817188 = 0. Is y a composite number?
True
Let p(g) = 581*g**2 + 25*g + 5. Is p(12) a prime number?
True
Let t(x) = 4*x**2 - x + 2. Let g be t(13). Suppose 97 + 72 = -i + 3*n, -4*i + n - g = 0. Let r = 513 + i. Is r a prime number?
True
Let j be 5/(25/2)*-5*-2. Suppose 53 + 327 = -j*o. Is (-17784)/o + (-2)/(1*10) a composite number?
True
Suppose -601055 + 156392 = -27*d. Is d a prime number?
False
Let d(x) = 363780*x**2 - 945*x - 946. Is d(-1) prime?
False
Let m = 299 - 294. Let u(p) = 224*p**2 + 13*p - 20. Is u(m) a composite number?
True
Let o be (-2)/(-4) - ((-100)/(-8) - -7). Let r(w) = -221*w + 2. Is r(o) prime?
True
Let s(k) = 12*k + 4216. Let w(t) = -4*t - 1405. Let x(p) = -2*s(p) - 7*w(p). Let f(g) = 5*g + 1403. Let y(r) = -5*f(r) + 6*x(r). Is y(0) prime?
False
Let s = 20 + -19. Let b(r) = 302*r**3 + 237*r**3 - 89*r**3 - r**2. Is b(s) prime?
True
Is (155530/35 - 9) + (-38)/14 + 3 a composite number?
True
Suppose 0 = 91*x - 47*x - 3008324. Is x a prime number?
True
Let z(i) = -172*i**3 - 10*i**2 - 98*i - 113. Is z(-12) a prime number?
False
Suppose 3*y + 5*o - 1639 - 168 = 0, 2*y + 2*o - 1206 = 0. Let q = 1495 + y. Is q composite?
False
Suppose 2*s = 4*s - 12. Let c(q) = 54*q - 7. Let b be c(3). Suppose 0 = -s*p + p + b. Is p prime?
True
Let w be (-20)/8 + 1/2. Is (7/((-70)/6045) + -2)*w a prime number?
True
Let i(t) = 10*t**2 - 14*t - 31. Suppose 195 = -15*q + 15. Is i(q) a composite number?
True
Let h = -113607 + 199466. Is h composite?
True
Suppose 4*a - 14432 = 5160. Suppose -19*h + a = 12*h. Is h prime?
False
Suppose -12*d + 0*d = -36. Let m = -3816 - -2177. Is d - (-1 + 4) - m a composite number?
True
Suppose 0 = 8*m + 10*m. Suppose -q - 1360 = -2*f - 5*q, 4*f - 2*q - 2690 = m. Is f a composite number?
True
Suppose -4*j - 3*m + 75848 + 275872 = 0, -5*j - 4*m + 439649 = 0. Is j composite?
True
Let y(l) = l**2 + 16*l - 12. Let s be y(-21). Let x = s - 90. Suppose 0*i - 282 = -x*i. Is i a composite number?
True
Let g(v) be the second derivative of -95*v**5 + v**4/6 + v**3/6 - v - 19. Is g(-1) composite?
False
Suppose 168875 = 2*z + 3*s, 5*z + 3*s = -9*s + 422183. Is z a composite number?
True
Let j(c) = 11*c - 8*c**2 - 13 + 400*c**3 - 376*c**3 - 11. Is j(5) prime?
False
Let a be (114/133)/((-1)/7). Let o be -4*3395/(-84) - 2/a. Let q = o + 469. Is q a prime number?
True
Let d = 2082 - 1411. Suppose -13*y + 12*y = -d. Is y composite?
True
Let x = 45 + -42. Suppose 3*j + 2*l + l = 12, x*j + l - 12 = 0. Suppose 4*n + s = -2*s + 248, -2*n - j*s + 114 = 0. Is n prime?
False
Suppose 21*s - 388321 = 368855. Suppose -7*q - q = -s. Is q prime?
True
Let j(f) = -f**2 + 4*f + 3. Let w be j(4). Suppose -2782 = -2*q - 3*q + w*m, -4*m = 4*q - 2232. Is q a composite number?
False
Let s = 34 + -24. Suppose -74500 = -2*z + 3*q, 0 = 6*q - q - s. Is z a composite number?
False
Suppose 6*m = 9*m - 27. Let s be 15/m*3/1. Suppose s*h = 1105 - 300. Is h composite?
True
Let l = -1265 + 2179. Suppose g = i - l, 0 = 4*g - 5*g - 1. Is i a prime number?
False
Let y(x) = 4333*x**2 - 20*x + 11. Is y(6) prime?
False
Let q(r) = -60*r**3 + 23*r**2 - 128*r - 1148. Is q(-19) a prime number?
False
Let h be (4 - (-78)/(-15))/((-9)/30). Suppose 3*w = 5*o + 3056 + 4575, 4*w + h*o = 10228. Suppose -3*m = 5*m - w. Is m composite?
True
Let v(y) = -212*y**3 + 5*y**2 - 3*y + 12. Let c(i) = i**3 + i**2 - 2*i - 1. Let a(l) = -6*c(l) + v(l). Is a(-4) a composite number?
True
Let f be -3 + 336/(-9) - (-2)/6. Let p = -42 - f. Let i(t) = -24*t**3 - 3*t - 4. Is i(p) a composite number?
True
Suppose 5*o + t = 29277, -5*o + 5*t - 5865 = -6*o. Let l = o + -2008. Is l composite?
False
Let k(u) = -3*u**3 + 2*u**2 + 4*u + 6. Let s be k(-2). Let h be -7 - (6/s - (-32)/(-10)). Is (-17568)/(-10) - (126/(-30) - h) a composite number?
True
Suppose 2*i = -5*i + 62195. Let g = -904 + i. Is g a prime number?
False
Suppose -1577*h = -1618*h + 6306374. Is h composite?
True
Suppose 104*d - 47*d = 46*d + 115841. Is d prime?
True
Let o = -59904 + 337541. Is o a composite number?
False
Suppose 6*m = m + v + 1462579, -4*v + 292541 = m. Is m prime?
True
Let x be 3 - (3 - -4) - -4. Suppose -3*h - h + 370 = 2*f, -h + 4*f + 70 = x. Suppose 69 + h = 3*c. Is c a composite number?
False
Let p = -358 - -256. Let l = p - -108. Is 101/(6/l)*5*1 prime?
False
Suppose -14*d + 32312 = -7*d + 21*d. Is d a composite number?
True
Let n be 1/(((-1)/10)/((-20)/(-50))). Let f be 1 + (-5244)/n + -2. Suppose -3*v - 12 = 0, -a - a + 4*v = -f. Is a a composite number?
False
Suppose -4*y = -3*y - 5*m - 2, 4*y - 5*m = 23. Suppose -y*i - 35 = -8*i. Is (-195)/6*(-658)/i a comp